factors of c(z)?
2, 5
Let t be 5*-9 - (-2 - 2). Let i = -32 - t. List the prime factors of i/((-9)/(-50)) - -2.
2, 13
Let i(n) = -24*n - 3. Let d be (-200)/(-60)*(-3)/2. List the prime factors of i(d).
3, 13
Suppose 4*o - 2029 - 767 = 0. What are the prime factors of o?
3, 233
Let b(q) = 88*q**2 + 73*q + 8. List the prime factors of b(4).
2, 7, 61
Let u(p) = p**3 - 6*p**2 - 4*p + 25. Let x(m) = -m**2 + 14*m - 37. Let g be x(9). List the prime factors of u(g).
11
Suppose 3*d = 4*s - 5791, -2*d - 5315 = -4*s + 471. List the prime factors of s.
2, 19
Let p = -3106 + 4382. What are the prime factors of p?
2, 11, 29
Let x be (-1)/(-2)*(0 + 8 + -8). Suppose 28*p - 33*p + 1355 = x. List the prime factors of p.
271
Let b(i) = -3*i**3 + i**2 - 4*i - 2. Let g(j) = -16*j**3 + 6*j**2 - 21*j - 11. Let d(f) = 11*b(f) - 2*g(f). List the prime factors of d(-2).
2
Suppose -5*b - 4*v = -3*b + 112, -5*b - 332 = -3*v. Let g = b - -199. List the prime factors of g.
3, 5
Let z be ((-3)/(-3) + 201)*3/2. List the prime factors of z/7 + -3 - (-8)/(-28).
2, 5
Suppose 4*f - 18 = 7*f. What are the prime factors of 27 + f/(4/2)?
2, 3
Let a be (-5)/(-25) + (-2 - (-38)/10). Suppose 346 = a*m - 0. List the prime factors of m.
173
Suppose 0*q + 5*q = 2*s - 1110, 2*s = 0. Let g = q + 314. What are the prime factors of g?
2, 23
Let b(a) = 12*a**2 + 63*a - 101. List the prime factors of b(-16).
13, 151
List the prime factors of 7/(70/(-8)) - (-31074)/30.
3, 5, 23
Let v(a) = a + 8. Let l be v(-3). What are the prime factors of 274/5 - (-1)/l?
5, 11
Let m(k) = 15 - 21*k + 45*k - 30*k + 10*k**2. List the prime factors of m(3).
3, 29
Let x = 316 - 31. Suppose 4*g - 411 = 5*k, 3*g + 2*k - x = -2*k. What are the prime factors of g?
3, 11
Let k(u) = 2*u + 12. Let f = -13 - -21. Let p be (3 - (-4 + f)) + 1. What are the prime factors of k(p)?
2, 3
Let y be 40/100 - (-34)/(-10). Let l(r) = -3*r**3 + 5*r**2 + 5*r + 3. Let g be l(y). Suppose -2*o + u - 2*u = -g, o = u + 60. What are the prime factors of o?
2, 29
Let z(i) = 3*i**3 - 11*i**2 - 4*i - 4. What are the prime factors of z(7)?
2, 229
Let r = -9 + 4. Let q be r*-8*(-4)/(-20). Suppose -148 = q*x - 12*x. What are the prime factors of x?
37
Let n = 257 + -109. List the prime factors of n.
2, 37
Let z(u) = 38*u - 167. What are the prime factors of z(32)?
1049
Let p = 15 - -93. Let d = p - 68. What are the prime factors of d?
2, 5
What are the prime factors of ((-25)/60 + (-6)/(-8))*579?
193
Let l(v) = -2*v**2 + 6*v + 5. Let n be l(4). What are the prime factors of 2/(2*n/(-150))?
2, 5
Let x = 8 - 8. Let a = x - -8. List the prime factors of a/(-4)*-1*12.
2, 3
Let h be (-8)/(-5)*(-130)/(-4). Let s = -24 + h. List the prime factors of s/21*9/2.
2, 3
Let b be ((-2)/((-18)/123))/(6/252). What are the prime factors of b/21 - (-2)/3?
2, 7
Let w = 142 + -142. Suppose -2*i + 74 = o - 95, w = 5*o - i - 856. List the prime factors of o.
3, 19
Let x be ((-4)/(-2) - 12)*(-28)/(-8). List the prime factors of 0 - (x + -2)/((-3)/(-12)).
2, 37
Suppose 12 + 4 = 4*f. Suppose 108 = f*l - 5*x, -132 = -4*l - x - 0*x. List the prime factors of l.
2
Let o(h) = -h - 5. Let p be o(-7). Suppose -p*u + 567 = 5*u. What are the prime factors of u?
3
Let x be (-4)/(-10) + 1464/(-10). What are the prime factors of (6/8)/(-1 - x/144)?
2, 3
Let f = 3582 - 2482. List the prime factors of f.
2, 5, 11
Suppose 9*b - 468 = 297. List the prime factors of b.
5, 17
Suppose -27 - 8 = -o. List the prime factors of ((-10)/(-14) - 1) + 115/o.
3
Let d = 85 + 249. List the prime factors of d.
2, 167
Suppose 1716 = -6*r + 6936. What are the prime factors of r?
2, 3, 5, 29
Let p(g) = -282*g**3 - 9*g**2 - 16*g - 16. What are the prime factors of p(-2)?
2, 13, 43
Suppose 4*m - x - 15496 = 0, -14*m + 4*x = -11*m - 11635. What are the prime factors of m?
3, 1291
Suppose 3*z - 51 = 5*y, -2*z - y = 2*y - 34. Suppose 0 = 21*v - z*v - 260. What are the prime factors of v?
5, 13
Suppose 10971 - 3985 = -2*j. What are the prime factors of j/(-56) + (-6)/16?
2, 31
Let o(s) = 4*s + s**3 - 7*s**2 - 2*s + 4*s - 5. Let k be o(5). Let r = -5 - k. What are the prime factors of r?
2, 5
Let u(a) = -a + 13. Let x be u(10). Suppose 149 = x*n - 208. What are the prime factors of n?
7, 17
Suppose -9*z + 8 = -5*z. Suppose k - 5*h - 259 + 48 = 0, z*k + 2*h - 374 = 0. List the prime factors of k.
191
Suppose 74*a = 73*a + 1123. List the prime factors of a.
1123
Let i = 19 - 29. Let d = -9 - i. Suppose -27 = -2*v + d. What are the prime factors of v?
2, 7
Suppose 6*o + 3 = 21. Suppose -8 + 20 = o*s. List the prime factors of s.
2
Let l = -55 - -254. What are the prime factors of l?
199
Let q = -11 - -14. Suppose 2*c + 215 = q*m + 2*m, -2*c = -10. Let x = m + -26. List the prime factors of x.
19
Suppose -1 = -2*v + v, -3*v + 39 = -4*s. What are the prime factors of (2 - 16/6) + (-528)/s?
2, 29
Let m(d) = -2*d**2 + 19*d - 5. Let r be m(10). Let c = r + 61. List the prime factors of c.
2, 23
Let t = 1319 + -693. What are the prime factors of t?
2, 313
Let a = -3 + 4. Let x be (5/(-3))/(a/6). Let v = 18 + x. List the prime factors of v.
2
Let n be 5/7 - (-2)/7. List the prime factors of n + 3 + (6 - -19).
29
Let o = -545 + 815. Suppose 5*n - o = 2*f, 0*f - 42 = -n - 2*f. What are the prime factors of n?
2, 13
Let x(b) = 2*b**3 - 14*b**2 - 3*b - 16. What are the prime factors of x(10)?
2, 277
Suppose 63*x - 59*x = 112. Suppose 2*g - 9 + 3 = 0. Suppose -d - g = -x. What are the prime factors of d?
5
Let q(o) = 3*o**2 - 10*o - 12. Let y be q(10). Let f = y + -47. What are the prime factors of f?
3, 47
Let r(u) = u**2 - 51*u + 19. List the prime factors of r(-21).
1531
Suppose -23*j + 5*t = -27*j + 1969, 0 = 5*j - 3*t - 2452. List the prime factors of j.
491
Let c(f) = -f**3 + 12*f**2 + 8*f + 14. What are the prime factors of c(12)?
2, 5, 11
Let d = 5713 + -2982. List the prime factors of d.
2731
Let h(x) = 60*x + 153. List the prime factors of h(4).
3, 131
Let q(d) = -73*d + 44. Let o(h) = -110*h + 66. Let c(w) = -5*o(w) + 7*q(w). What are the prime factors of c(4)?
2, 67
Let x(h) = -11*h - 12. Let a be 220/(-33)*6/4. List the prime factors of x(a).
2, 7
Let m(l) = 6*l**2 + 7*l. Suppose 0 = o + 2*z, 8 = -z - 3*z. List the prime factors of m(o).
2, 31
Let u(y) = -8*y**3 - 6*y**2 - y + 9. What are the prime factors of u(-3)?
2, 3, 29
List the prime factors of (-204)/(-54)*39*3.
2, 13, 17
Suppose 2*k + 6 = -k. Suppose -4*t + 4 + 4 = 4*a, 2*a - t - 19 = 0. What are the prime factors of (-94)/k - 0/a?
47
Suppose 41*m - 42*m + 8 = 0. List the prime factors of m.
2
Suppose 3*u - t - 2636 = 0, -2*u + 5*u - 4*t - 2633 = 0. What are the prime factors of u?
3, 293
Let m be 2/(-5) + 1040/(-25). Let w = 119 + m. What are the prime factors of w?
7, 11
Let p(b) = b**2 + 5*b - 8. Let o(g) = -g + 7. Let q(f) = f - 14. Let w(k) = 5*o(k) + 3*q(k). Let h be w(0). What are the prime factors of p(h)?
2, 3
Suppose 91*z = 101*z - 37410. List the prime factors of z.
3, 29, 43
Let x(w) = -w**2 - w. Let g(t) = -6*t**2 - 7*t. Let b(n) = 3*g(n) - 12*x(n). Let h be b(8). List the prime factors of h/(-21) - 8/(-28).
2, 11
Let h be 98/16 + 3/(-24). Suppose h*t - 707 = 571. What are the prime factors of t?
3, 71
Suppose 5*w = u + 127 + 2016, -3*u + 864 = 2*w. List the prime factors of w.
3, 11, 13
Let q be (-17)/(4/(-6) - -1). Let k = 98 + q. List the prime factors of k.
47
Let n(r) be the first derivative of r**4/4 - 8*r**3/3 + 9*r**2/2 + 16*r - 9. List the prime factors of n(8).
2, 11
Let z(r) be the third derivative of 5*r**4/12 + 16*r**3/3 + 31*r**2. List the prime factors of z(18).
2, 53
Let d be 141 + 4/2*-2. Let q = d - 11. Suppose -v + q = 2*v. List the prime factors of v.
2, 3, 7
Let c(s) = s**2 - 10*s + 11. Let q be c(14). Suppose -q = -7*z + 38. What are the prime factors of z?
3, 5
Let x = -418 - -643. Let k = -115 + x. List the prime factors of k.
2, 5, 11
Let b(y) = 46*y - 57. List the prime factors of b(4).
127
Let h(d) = -d**3 - d**2 + 5*d + 1313. What are the prime factors of h(0)?
13, 101
Let d(u) = -3*u - 7. Let l be d(-3). Suppose 4*p - l*g = 238, -3*p - 4*g = 2*p - 291. What are the prime factors of p?
59
Suppose 8*q - 592 = 296. Let l = q + -65. List the prime factors of l.
2, 23
Let h(q) = 8*q - 1. Let t(p) = -p**2 - 15*p 